 -5a2 - 37cc?
-3d6e
In base 16, what is 5 + -5fbf7a?
-5fbf75
In base 5, what is 144234134203 - 1?
144234134202
In base 9, what is -1 + -18643500?
-18643501
In base 13, what is -136a46 + 5?
-136a41
In base 5, what is 131211343 + 2020?
131213413
In base 13, what is -9 + 75c845?
75c839
In base 14, what is -4a3b4b68 + -3?
-4a3b4b6b
In base 6, what is -2024242 + -153?
-2024435
In base 2, what is 1110001 - -1110110100101100100?
1110110100111010101
In base 8, what is 1106013 + 560?
1106573
In base 9, what is -32 - 3382827?
-3382860
In base 14, what is -1 + 7281a1c?
7281a1b
In base 7, what is 105615164 + 144?
105615341
In base 5, what is 13233 - 12103?
1130
In base 10, what is 1 - 44342019?
-44342018
In base 15, what is c10 + 4422?
5132
In base 12, what is -2 - 317373?
-317375
In base 7, what is -21652564 - -143?
-21652421
In base 9, what is -2 - -353746806?
353746804
In base 15, what is -2 + -bdc0a9?
-bdc0ab
In base 8, what is 0 - 2041675315?
-2041675315
In base 8, what is -3756070 + 26?
-3756042
In base 3, what is -1002022 - 1020100211?
-1021110010
In base 4, what is -20030303033223 - 1?
-20030303033230
In base 13, what is 366 + 7069?
7402
In base 5, what is -3423141 - -320003?
-3103133
In base 9, what is -236043 - 11030?
-247073
In base 4, what is 3 - 21231210232?
-21231210223
In base 2, what is -10110011010 - 11000111000?
-101111010010
In base 5, what is -11241412220 - 14?
-11241412234
In base 10, what is 3796433 - -134?
3796567
In base 4, what is -2023100013 - 220?
-2023100233
In base 8, what is 1 - 42003262?
-42003261
In base 2, what is 1110100010010100111 - 1101000?
1110100010000111111
In base 16, what is -669e9be + -1?
-669e9bf
In base 2, what is 0 - -110011001100111101001101?
110011001100111101001101
In base 12, what is -67b4 - 1810?
-8404
In base 15, what is 9d - -1905?
19a3
In base 13, what is -2 + 2b19b90?
2b19b8b
In base 3, what is -1122212222210120010 + 11?
-1122212222210112222
In base 10, what is -4379790 - 5?
-4379795
In base 12, what is -7448718 - -3?
-7448715
In base 5, what is -102321023 + -1?
-102321024
In base 8, what is -1 - 171372?
-171373
In base 16, what is -6 - -1befb2?
1befac
In base 2, what is 10000010101100011110 + -101110011?
10000010100110101011
In base 13, what is 0 - 15009a9?
-15009a9
In base 15, what is 12 + 5d837?
5d849
In base 6, what is 14 + 44535122?
44535140
In base 13, what is -2 + -376b3a1c?
-376b3a21
In base 14, what is 211278 - 27?
211251
In base 16, what is 4be + -b14?
-656
In base 2, what is -10100110 - -11111010000100?
11110111011110
In base 14, what is -db98848 + -3?
-db9884b
In base 3, what is -10 - -20102210100100120?
20102210100100110
In base 13, what is 105ca - 6a?
10560
In base 6, what is -3331301404 - -11?
-3331301353
In base 6, what is -211 + -31530554?
-31531205
In base 8, what is 0 + -62611215?
-62611215
In base 15, what is -35857 - -14?
-35843
In base 8, what is 312 + -16214?
-15702
In base 10, what is 6918152 - 1?
6918151
In base 15, what is -46 - 1024a4?
-1024ea
In base 5, what is -211211 + 2340432?
2124221
In base 9, what is -226062780 - 6?
-226062786
In base 11, what is -2206a34 + 5?
-2206a2a
In base 3, what is -10110112210120020 + -10?
-10110112210120100
In base 4, what is -21132031 + 310101?
-20221330
In base 16, what is -3ee + 3881?
3493
In base 7, what is -2 + 22236366?
22236364
In base 6, what is 2055 - 254243?
-252144
In base 14, what is -4aaca4 + 6c?
-4aac36
In base 8, what is 166750376 - -5?
166750403
In base 9, what is 200615 - 421?
200184
In base 7, what is 5 + 3443464530?
3443464535
In base 14, what is 3ddcc5 - 1?
3ddcc4
In base 16, what is -4 + -11c05ee?
-11c05f2
In base 15, what is 2738c9b - 3?
2738c98
In base 13, what is -2266 - 419?
-2682
In base 15, what is a3e703 - 0?
a3e703
In base 13, what is 1260 - -b0c?
206c
In base 3, what is -2 + -22011220121201?
-22011220121210
In base 15, what is -63534a - 14?
-63535e
In base 14, what is a9d6a0 + 5?
a9d6a5
In base 14, what is 367a6b4 + -4?
367a6b0
In base 6, what is -53 - -3430142?
3430045
In base 16, what is -224 - 138e8?
-13b0c
In base 12, what is 14266 - -19a?
14444
In base 10, what is -3258365 + 35?
-3258330
In base 10, what is -140 + -44823?
-44963
In base 5, what is 102222230 + 43233?
102321013
In base 8, what is 40 - 7755271?
-7755231
In base 15, what is 5 + 152b0ae?
152b0b4
In base 13, what is 1 - 118275?
-118274
In base 2, what is 1101 + -11001000010111011010?
-11001000010111001101
In base 14, what is 1aa17b - -b?
1aa188
In base 2, what is -101 - -100001001000001010111100111?
100001001000001010111100010
In base 6, what is -35223355 - 3?
-35223402
In base 4, what is -1012 + -111100012012?
-111100013030
In base 2, what is -10000110100010111100111011110 - -1?
-10000110100010111100111011101
In base 6, what is 1331 - 13334?
-12003
In base 11, what is 1419 - -17602?
18a20
In base 5, what is 1421410042 - 34?
1421410003
In base 5, what is -424 + 43404114?
43403140
In base 10, what is -75041 + 1182?
-73859
In base 14, what is -115 + 164c4?
163ad
In base 12, what is -22686 + 1798?
-20aaa
In base 2, what is 1100001100011001100 - -11111?
1100001100011101011
In base 11, what is -6376 + 919?
-5558
In base 15, what is 77 + 96a6c?
96ae4
In base 7, what is -10 - -5156154?
5156144
In base 13, what is 22b7 - -5cc8?
82b2
In base 6, what is 5 - -34224504401?
34224504410
In base 4, what is 23011300232 - 100?
23011300132
In base 14, what is -273863 - 28?
-27388b
In base 13, what is 4 + 14466c3?
14466c7
In base 2, what is 110011101010111000 + -10000?
110011101010101000
In base 13, what is 5 + 29cc85?
29cc8a
In base 14, what is -9aac56 - -4?
-9aac52
In base 16, what is 1 - 15adc0?
-15adbf
In base 5, what is -41124 - -140100?
43421
In base 5, what is 41 + 32442?
33033
In base 9, what is 1466 + 7078?
8555
In base 11, what is 628 + 25a56?
26583
In base 4, what is 11 - -10110200310?
10110200321
In base 15, what is 394 + 38e?
733
In base 14, what is c3b88aba + 4?
c3b88ac0
In base 12, what is 9b75 + 1b79?
bb32
In base 4, what is 113301233333130 + -3?
113301233333121
In base 13, what is -1a3b7 + -c14?
-1b2cb
In base 11, what is -13a8 + 5250?
3953
In base 12, what is 236949a - 5?
2369495
In base 10, what is -340902 + -295?
-341197
In base 11, what is 7636 + -1870?
5876
In base 7, what is -46 - 133466560?
-133466636
In base 7, what is 36 - 2340405?
-2340336
In base 16, what is -25f - -559?
2fa
In base 3, what is 11 - 2101011012000211?
-2101011012000200
In base 14, what is 12b9a3 - -62?
12ba25
In base 3, what is 10 - 121012210222220212?
-121012210222220202
In base 12, what is -311 - 10677?
-10988
In base 5, what is -230 + -4341110031?
-4341110311
In base 6, what is 3205354113 - -35?
3205354152
In base 10, what is 52 + -513150?
-513098
In base 5, what is -231 - 1110200041?
-1110200322
In base 11, what is 39 + 138397?
138425
In base 3, what is -1201202021 + 1212?
-1201200102
In base 2, what is 111100101101 + 10101100001010?
11101000110111
In base 6, what is -4431 + -1412312?
-1421143
In base 14, what is 8 - b777645?
-b77763b
In base 7, what is 2316 - -44261?
46610
In base 16, what is -89c51f - 5?
-89c524
In base 8, what is 56137 + -500?
55437
In base 13, what is -12b3738 + -2?
-12b373a
In base 2, what is 10011001110100 + 10010001010?
10101011111110
In base 4, what is -231211220 - 13030?
-231230310
In base 13, what is 3 - -9b4bc41?
9b4bc44
In base 5, what is 4 - -2431300130?
2431300134
In base 14, what is 1654 - 26c?
13c6
In base 8, what is 4 - 3177117?
-3177113
In base 2, what is -110000010011100 + -1001111101?
-110001100011001
In base 11, what is 5 - -13a35640?
13a35645
In base 16, what is 851 + -455?
3fc
In base 4, what is 1 - -123320323133?
123320323200
In base 8, what is -34 - 106755670?
-106755724
In base 2, what is -101101001111 - -1001011111010?
11110101011
In base 14, what is 1aab8 - -570?
1b248
In base 13, what is b5433b - -84?
b543c2
In base 4, what is -20323010 + 2312?
-20320032
In base 14, what is -6 - -3665b?
36655
In base 2, what is -10 + 100100000010000011101?
100100000010000011011
In base 14, what is 534d49 - -20?
534d69
In base 15, what is 1b414 + 16?
1b42a
In base 5, what is -3 + 4013114323?
4013114320
In base 14, what is 2bac8 - b3?
2ba15
In base 7, what is -14220614 - -26?
-14220555
In base 7, what is -341 - 265032?
-265403
In base 9, w